*i - 3/2*i**2. Calculate h(r).
0
Let n(m) = -m**2 - 9*m + 5. Let a be n(-9). Let p(k) = -11 + 11 - 5*k + a. Calculate p(6).
-25
Let j be (-3)/(1/(10/(-6))). Let o(c) = -4*c**3 + 0 + 4 - 4*c**2 + 5*c**3 + 0 - 7*c. Let x be o(j). Let t(d) = d**3 + 6*d**2 - 7. Calculate t(x).
-7
Let d(g) = -54*g - 5. Let s(c) = 13*c + 1. Let x(t) = 2*d(t) + 9*s(t). What is x(-1)?
-10
Let m = -12 + 13. Suppose -5*l + 5*k - 6 + m = 0, 0 = 3*l + 5*k + 3. Let h(f) be the third derivative of -f**5/6 - f**4/24 - 3*f**2. What is h(l)?
-9
Suppose -4*v + 16 = -2*x - 2, -3*v = -3*x - 21. Let n(z) = v - 1 + 0 + z + 5. What is n(-6)?
0
Let s(v) = 3*v. Let j(m) = m + 1. Let d(f) = -2*j(f) + s(f). Let i(q) = q**3 + 43*q**2 - 15*q - 647. Let x be i(-43). Determine d(x).
-4
Let y be (-348)/(-72) - 5 - 25/(-6). Let h(w) = w**3 - 4*w**2 - w + 5. Give h(y).
1
Let j be 55 - ((-16)/(-4) + -4). Let i = 58 - j. Let t(l) be the first derivative of l**2/2 - 3*l - 1. Determine t(i).
0
Let p(u) = -4*u + 17. Suppose 12 = 3*f + 3*r, 6*f = 7*f - 5*r - 10. What is p(f)?
-3
Let i(h) = h**3 - 8*h**2 + 8*h - 2. Let k = -16 - -38. Let y = k - 15. Suppose -2*d + y = -d. What is i(d)?
5
Let g be (6 - 11)*(-12)/(-12). Let k(v) = -v**3 - 3*v**2 + 3*v + 2. Calculate k(g).
37
Suppose 10*r - 2*g = 13*r - 25, 4*g + 5 = 5*r. Let m(w) = 2*w - 5. Give m(r).
5
Let o(q) = 3*q - 3. Suppose -146 + 200 = -9*d. Determine o(d).
-21
Let i(o) = -8*o + 2 - 14 + 8 + 2 + 3. Calculate i(2).
-15
Let o = 2593 - 2599. Let y(i) = -i**3 - 5*i**2 + 3*i + 2. Calculate y(o).
20
Let f(i) be the first derivative of -i**4/4 - 4*i**3/3 + 3*i**2/2 + 7*i - 474. Give f(-5).
17
Let t = -3 + 8. Let v be (-4 - t)*(8/6 + -1). Let y(d) = -2*d - 2*d + 4 + 3*d. Determine y(v).
7
Suppose -6*p + 22 - 4 = 0. Let c(u) be the second derivative of 0*u**p + u + 0 - 13/12*u**4 + 1/2*u**2. Calculate c(-1).
-12
Suppose 4*q = -2*p + 6, 17 = -2*p + 3*p - 5*q. Let t(d) = 3*d**2 + d**2 - p*d - 3*d**2. Give t(7).
0
Let d(f) = 2*f**3 + 12*f**2 - 18*f - 20. Let i(b) = -b**3 - 6*b**2 + 9*b + 10. Let k(v) = 3*d(v) + 7*i(v). Give k(-7).
-4
Let t(m) = 4*m**3 + m**2 - m + 1. Let a = 2221 + -2223. Give t(a).
-25
Let k be 4 + -6*((-35)/(-10) + -3). Let d(t) = 15*t**2 + t - 1. Calculate d(k).
15
Let b be 2/(-2)*(2 + -1). Let q(s) be the second derivative of s**3/6 + s**2/2 - 10*s. Calculate q(b).
0
Let n(u) = u**3 - u**2 - 4*u + 3. Suppose 0 = 3*o - 0*o. Let g = 292 + -292. Suppose -5*b + 10 + o = g. What is n(b)?
-1
Let n = -47 - -48. Let m(x) = -n + 135*x**2 - 131*x**2 + x**3 + 0*x - 1 + x. Suppose 4*y - 3*y = -2. Calculate m(y).
4
Let o(z) = -z**2 + 2*z + 1. Let q be 9/(-6)*16/(-12). Suppose q*w - 5*i = w + 23, 4*i + 26 = -3*w. Calculate o(w).
-7
Let a(l) = 5*l - 10. Let k be 1*10*(-10 + 11). Determine a(k).
40
Let z(k) = k**2 - k + 1. Let t(r) = -2*r**2 + 14*r - 9. Let d be t(6). Suppose n + n = d*n. Determine z(n).
1
Let x(s) be the third derivative of -s**3 + 0*s + 1/24*s**4 + 0 - 9*s**2. Give x(0).
-6
Let y = -32 - -34. Let g(j) = -y*j**2 - 8 + j**2 + 9 - j. What is g(-2)?
-1
Let n(a) = 2*a + 3. Let q = 62 - 62. Suppose 5*o + 6 + 14 = q. Determine n(o).
-5
Let b(k) = -k - 8. Let l(d) be the first derivative of d**4/4 - 16*d**3/3 + 8*d**2 - 15*d + 9. Let c be l(15). Determine b(c).
-8
Let y(o) = -30*o + 66*o + 2 - 34*o. What is y(-3)?
-4
Let d(o) = -5*o**2 - 8*o - 1. Let k(q) = 4*q**2 + 8*q. Let h(l) = 5*d(l) + 6*k(l). Determine h(6).
7
Let x(a) = 3*a**3 + a. Let c be ((-9)/2)/(1/(-6)). Let w(p) = 9*p - 6. Let n be w(3). Let v be 2/7 - c/n. Determine x(v).
-4
Let k(b) be the first derivative of -2/5*b**5 - 2*b - 2 + 0*b**2 - 1/6*b**4 - 1/6*b**3. Let r(q) be the first derivative of k(q). Determine r(-1).
7
Let w(p) = -p**3 - 3*p**2 - 3*p - 1. Let a be 4/8 + (-180)/8. Let c = -18 - a. Suppose 8*v - c*v + 12 = 0. What is w(v)?
8
Let q(s) be the third derivative of -s**6/40 + s**5/20 - s**3/3 + 6*s**2. Let n be -14*(-3)/(-12)*2. Let x = n - -9. Give q(x).
-14
Let w(u) = -2*u**3 - 2*u**2 + u - 1. Let p = 8 + -6. Suppose 2 - 6 = p*n. Determine w(n).
5
Let t(s) = -s + 1. Let b = -30 + 16. Let g = b - -28. Let z be (-12)/42 + (-80)/g. What is t(z)?
7
Let g(j) = -4*j. Suppose -2*w + 6 = 5*k - 16, 3*k - 6 = -3*w. Determine g(k).
-24
Let c(n) = -2*n - 14. Let o(w) = 12*w + 268. Let p be o(-23). Calculate c(p).
2
Let l(y) be the second derivative of y**6/120 + y**5/30 + y**4/24 - 13*y**3/6 - y**2/2 - y + 3. Let s(p) be the second derivative of l(p). Determine s(-3).
16
Let v(o) = -25*o**3. Let q be ((-315)/99 + (-8)/(-44))/3. Give v(q).
25
Let m be ((60/(-7))/(-6))/(18/63). Let r(z) = 2*z - 13. Give r(m).
-3
Let q(f) = 26 - 22*f - 6*f + 31*f. Let v be q(-8). Let u(n) = 20*n**2 - 3*n - 6. Let b(x) = 7*x**2 - x - 2. Let h(y) = 17*b(y) - 6*u(y). Give h(v).
0
Let b be (14/(-5))/(8/(-20)). Let a(m) = m - 87*m**2 + b + 88*m**2 - 9*m. Let d be (-2 + 5/(-2))/(9/(-12)). Give a(d).
-5
Let u(n) = 20*n**3 - 2 - 2*n**2 + 20*n**3 + 3. Calculate u(-1).
-41
Let f be 6*1*6/12. Let x = 52 + -42. Suppose 7*i = x*i - f. Let v(t) = 4*t**2 + 1. Give v(i).
5
Let i(y) = -3*y**3 - 22*y**2 - 14*y - 6. Let u(n) = n**3 + 8*n**2 + 5*n + 2. Let o(a) = -3*i(a) - 8*u(a). Calculate o(-2).
-2
Let z(l) be the first derivative of -l**2 - 6*l + 1. Let j be z(-5). Let c(r) be the first derivative of r**3/3 - 7*r**2/2 - r - 826. What is c(j)?
-13
Suppose 5*j + 30 + 0 = 0. Let b be (j/8)/(6/(-144)). Let f be ((-1)/2)/(3/b). Let o(l) = 2*l + 4. What is o(f)?
-2
Let z(d) = d - 6 - 10*d - d - d**2 + 4*d. Give z(-6).
-6
Let j(s) be the third derivative of -s**5/60 - s**4/6 + 2*s**3/3 - 12*s**2. Let u = 11 - 7. Suppose 2 = -u*y - 18. Determine j(y).
-1
Let v(c) = 1 + 8 - 8 - 2. Let g(t) = 3*t + 2. Let p(h) = -g(h) - 6*v(h). Calculate p(-4).
16
Let r(z) = -52*z**2 + 159*z - 2. Let n be r(3). Let m(u) = -3*u**2 - 7*u. Let q(s) = 2*s**2 + 3*s. Let p(o) = -3*m(o) - 5*q(o). What is p(n)?
-7
Let k(r) = r - 2. Suppose 3*x = -11*q + 6*q + 26, -15 = 5*x. What is k(q)?
5
Let t(m) = 3*m - 19. Let d(b) = b - 8. Let o(w) = -10*d(w) + 4*t(w). Calculate o(-4).
-4
Let s(p) = -p - 1. Let k be -4 + 3 + (-2)/2. Let q(z) = z. Let r(a) = k*s(a) + 2*q(a). Give r(4).
18
Let r(q) = q**2 - 4. Let k(g) = g**3 - 10*g**2 + 11*g - 14. Let d be k(9). Suppose 0 = -d*l + 17 - 9. Suppose -5*o = -l*o. Calculate r(o).
-4
Let y be (17/34)/(2/10). Let h(r) be the second derivative of 1/20*r**5 + 0 + y*r**2 - r - 1/3*r**3 - 1/2*r**4. Calculate h(6).
-7
Let w(d) = d**3 - 5*d**2 + 5*d - 4. Suppose 7*g - 5*v - 24 = 6*g, g = -v. What is w(g)?
0
Suppose -3*a + 124 = 139. Let r(v) = -7*v**3 - 19*v**2 - 7*v - 20. Let n(p) = 3*p**3 + 9*p**2 + 3*p + 10. Let u(z) = a*n(z) - 2*r(z). What is u(-7)?
-3
Suppose 3 = -3*r + 5*z, 0 = 5*z - 6 - 9. Let i be (-1)/((-14)/r + 4). Let h(k) = -3*k**2 - 3*k - 1. Give h(i).
-7
Let y(l) = 2*l**2 - 4*l + 3. Let b be (-36)/(-10) + 252/(-70) + 3. Determine y(b).
9
Let r be 4/((-36)/(-6)*2/6). Let w(n) = 19 + 7*n - 8 - 22*n. Let d(s) = 8*s - 6. Let y(b) = -5*d(b) - 3*w(b). Determine y(r).
7
Suppose 0 = c - 72 + 69. Let t(d) = -5 - 4*d**2 + 74*d**3 - 34*d**c + 3*d - 39*d**3. Let u(o) = -o + 7. Let r be u(3). Calculate t(r).
7
Let g(n) be the first derivative of -n**4/4 - 8*n**3/3 - n**2 - 6*n + 51. What is g(-8)?
10
Let v(l) = -l**2 - 4*l + 2. Suppose 0 = -2*m - 8, 0 = 4*a - 0*a - 3*m - 12. Suppose a*o + 3*o + 1 = -2*q, -4*q = 20. Calculate v(o).
-19
Let y = -4 + 13. Suppose -y + 1 = -2*x. Suppose -2*m - 4*l + 4 = 0, 18 = x*m + 3*l - 0*l. Let h(d) = 2*d - 8. Give h(m).
4
Suppose u + 0*u + 5*h = -15, 4*u + 2*h = 12. Let j(a) = 2*a - 1 - a + u. Determine j(-7).
-3
Let f(a) be the first derivative of -a**4/2 - 13*a**3/3 - 11*a**2/2 - 10*a - 28. Let z(k) = -k**3 - 6*k**2 - 5*k - 5. Let p(b) = 3*f(b) - 5*z(b). What is p(-8)?
-5
Suppose 0 = -b + 3*s, -2*s = -2*b + b + 3. Suppose -2*g + b = g. Let n(t) = -4*t**2 + t**3 + 3*t - 2 - 12*t + g*t. Give n(5).
-7
Let i(g) be the third derivative of 11*g**4/24 - g**3/6 + 36*g**2. Give i(2).
21
Let c(l) = 16*l + 35. Let d be c(-2). Suppose 5 = a, 4*a + 16 = -2*y + 5*y. Suppose -d*t - t - y = 0. Let g(m) = m - 2. Calculate g(t).
-5
Suppose -410*v + 407*v - 12 = 0. Let q(m) = -1 + m + 1 - 1. What is q(v)?
-5
Suppose -3*b + 15 = 18. Let g(q) be the second derivative of 3*q**4/4 - q**3/6 - q**2/2 + q